- 47*d. Let o(i) = -5 + j*i - 2344*i + 1. Determine o(6).
-10
Let d be -1 + (-8)/12*-6. Let w be 238/70 + (-3)/(-5). Let l(p) = 5 - w*p - 5. Determine l(d).
-12
Let g be ((-20)/(-16))/(45/(-20) + 2). Let d(i) = i**3 + 5*i**2 - 2*i. Determine d(g).
10
Let d(l) = -l**3 + 6*l**2 + 7*l - 3. Suppose 0 = 50*b - 59*b - 675. Let f = b + 82. Determine d(f).
-3
Suppose -3*a - 3*m = -1 + 22, 0 = 3*a - 5*m - 19. Let w be (-5)/(-30) - a*(-1)/12. Let k(n) = -n**2 - n + 5. Determine k(w).
5
Let y(v) be the third derivative of -46*v**2 + 0 - 1/6*v**4 - 1/6*v**3 + 0*v. Suppose f + 4*q - 13 = 2*f, 0 = 2*q - 6. Give y(f).
3
Suppose -2*s - 14 = g - 48, 4*s + 5*g = 56. Suppose -4*u + 5 = -s. Let o(y) = u*y - y**3 - 6*y**2 + 3*y - 9 - 3*y. Give o(-7).
-2
Let g be (-13)/((-780)/35) - 1/12. Let p(u) be the first derivative of 0*u**3 + g*u**2 - 3 + 0*u + u**4. Calculate p(1).
5
Let p(r) = r**3 - 3*r**3 - 21*r**3 - 1 + 2 + 0*r**3. Determine p(-1).
24
Let w(s) = s**2 + 9*s - 11. Let v(y) = -3*y**2 - 28*y + 32. Let k be 202/34 - 2/(-34). Let l(q) = k*v(q) + 17*w(q). Give l(-15).
5
Suppose 31*h = -54 + 364. Let y(b) = b**2 - 11*b + 24. Give y(h).
14
Let h(t) be the third derivative of t**4/12 + t**2. Let x = -176 + 75. Let a = 105 + x. What is h(a)?
8
Suppose 5*k - 3*l - 57 = 0, 0 = -5*k - l + 33 + 28. Let p(g) = 2*g + 2*g - k + 0*g + 8 - 3*g. What is p(5)?
1
Let g(w) = 52*w + 20. Let u(a) = 199*a + 82. Let q(c) = 23*g(c) - 6*u(c). Give q(-7).
-46
Let j(n) = 407*n - 17. Let o(h) = 1085*h - 50. Let g(v) = 8*j(v) - 3*o(v). Calculate g(-20).
-6
Let t(y) = 16*y + 79. Suppose 101*h + 107 = -398. What is t(h)?
-1
Let g(z) = z - 16. Let r = 14267 - 14260. Calculate g(r).
-9
Let x(q) = -q - 11. Suppose -33*g + 14840 = -274. Let r = 453 - g. Calculate x(r).
-6
Let u(a) be the third derivative of -1/24*a**4 - 5/6*a**3 - 1 + 0*a - 7*a**2. What is u(-4)?
-1
Suppose -5*y + 106 = -4*q - 44, 2*y + 2*q - 60 = 0. Let l be y/75*10/(-4). Let f(b) = -3*b**2 + 2*b + 1. Determine f(l).
-4
Suppose 5*v + 18 = -2. Let a(p) be the second derivative of p**4/12 + 5*p**3/6 + 3*p**2 - 106*p - 1. Determine a(v).
2
Let w(n) = n - 6. Let a be w(6). Let m(l) = -348*l - 351*l - 345*l + 1389*l - 346*l + 15. What is m(a)?
15
Let z(g) = -2*g - 3. Suppose -211 = -5*y - 6. Let d = y - 38. Suppose 0*f + 1 = -3*j + f, -f = -4*j - d. Calculate z(j).
1
Let c(x) be the second derivative of x**3/6 - 29*x**2/2 + x + 138. What is c(-5)?
-34
Let w(v) = 3*v - 12. Let z(k) = -25*k + 29*k - 9 - 5. Let y(f) = -6*w(f) + 5*z(f). Give y(-5).
-8
Let n be (-6)/21 + 102/14. Let d be 8/(-2) + (0 - -7). Let q(r) = d - 18 + 6 + n + 7*r. Give q(-2).
-16
Let r be 4/(-18)*-3*(-126)/(-28). Let x(z) = z**3 + 2*z**2 - z + 0*z**r + 0*z**3 + 0*z**2. Calculate x(-2).
2
Let f = 26 + -24. Suppose -3*o - 2*m = -4*m - 2, -3*o = 5*m - 37. Let g(t) = -o*t**f - 14*t**3 + 10*t**3 + 3*t**3. What is g(-3)?
-9
Let g be (-1)/(((-39)/18 + 3)/20*-2). Let o(x) = -x**2 + 13*x - 5. Determine o(g).
7
Let d(w) = -w - 2. Let o be d(-3). Let f(j) = 33 + j - 100 - j**2 + 68. Calculate f(o).
1
Let n(m) be the second derivative of m**5/20 + 5*m**4/12 + m**3/3 + 6*m**2 + 105*m + 17. Calculate n(-6).
-36
Let k(l) be the third derivative of 13*l**4/24 + 11*l**3/2 + 5185*l**2. Calculate k(-7).
-58
Let l(r) = -r**2 + 2*r - 2. Let z be (-8)/6 + 1564/(-204). Give l(z).
-101
Let x(b) = 7*b**2 - 15*b + 27. Let i(a) = -2*a**2 + a - 9. Let j(f) = -4*i(f) - x(f). Calculate j(-6).
-21
Let p(k) = -16*k**2 + 2*k - 1. Suppose -5*v + 17*v = 0. Suppose 5*l - 20 = v, 4*r + 0*l + 8 = 3*l. Give p(r).
-15
Let u(x) = 3*x**2 - 10*x - 26. Let n be u(6). Let l = -12 + n. Let b(r) = -r**2 + 13*r - 21. Give b(l).
9
Let g(i) = 22*i - 279. Suppose 0 = -2*n + 4*s + 42, -4*n - 14*s + 40 = -11*s. Calculate g(n).
7
Let n(r) = -4*r**3 - 15*r**2 + 25*r + 90. Let k(g) = 5*g**3 + 18*g**2 - 26*g - 85. Let u(z) = -3*k(z) - 4*n(z). Give u(-7).
0
Let m be (-3 - 1)/((-7)/14). Let w = -109 + m. Let z = -95 - w. Let q(a) = -a + 2. Calculate q(z).
-4
Let w(h) = 3*h - 3. Let b(c) = 2*c - 3. Let l(a) = 4*b(a) - 3*w(a). Suppose -5*f - 5 = -5*z, 3*z - z + f = 17. Suppose -2*t + z = -t. What is l(t)?
-9
Let s be -11 + 6 - -29 - -3. Let d(y) = -s + y**2 + 9 + 14 + 4*y + 8. Let f be (-3 - 0)*(2 + -1). Give d(f).
1
Let l(g) = -6*g + 1. Suppose -2*d - 26 = 3*k, 2*k - 1188*d + 32 = -1193*d. Give l(k).
37
Suppose -67*i + 34*i - 223 = 41. Let s(o) = -o**2 - 5*o + 10. Give s(i).
-14
Let a(j) = 185*j - 117*j + 6*j - 4. Calculate a(1).
70
Let g(s) = s**3 + 6*s**2 + 6*s - 7. Let u(f) = -159*f - 483. Let b be u(-3). What is g(b)?
-43
Let n(u) = u**3 + 4*u**2 - u + 26. Let s(y) = 2*y**2 + 18*y - 445. Let m be s(11). Calculate n(m).
6
Let y be (21/9*-3)/(3/123). Let o = 292 + y. Let f(k) = -9*k + 6. Let i(b) = -10*b + 7. Let a(x) = 5*f(x) - 4*i(x). Give a(o).
-23
Let r(k) be the third derivative of -k**5/15 + 3*k**3/2 - 547*k**2. Calculate r(0).
9
Let t(c) = -c**2 + 9*c + 6. Let v(i) = -2*i**3 + 9*i**2 - 12*i + 23. Let b be v(6). Let u = 167 + b. Give t(u).
-4
Let o(u) be the third derivative of u**9/60480 + u**7/2520 - u**6/720 - 3*u**5/20 - 86*u**2. Let s(n) be the third derivative of o(n). What is s(2)?
11
Let b(t) = -t**2 - 19*t + 24. Let l be b(-18). Suppose 36*i = l*i + 6. Let y be (-10 - -13) + i*5. Let u(f) = 3*f**2 - 2*f - 2. Give u(y).
14
Let a(r) = -r**3 - 31*r**2 - 57*r - 9. Let h = 17667 - 17696. Give a(h).
-38
Suppose 55 = 2*l + 3*m, -4*l - 4*m + 61 + 55 = 0. Let w be 1 + 3 + (1 - 0). Suppose -6*c = -w*c + 4, -4*c - l = 4*s. Let t(p) = p**2 + p - 2. Give t(s).
10
Let b = 82/573 + 1555/1146. Let a(g) be the second derivative of -b*g**3 - 46*g - 1/12*g**4 + 0 + 0*g**2. Calculate a(-6).
18
Let i(a) be the second derivative of 3*a**5/4 - a**3/3 - a**2/2 + 9*a + 2. Let r = -165 - -164. Calculate i(r).
-14
Let d(v) = 4673*v + 4676*v + 4 + 4681*v - 14029*v. Suppose 2*a = 7*a - 5. Suppose 2*k = -m + a, 4*m + k - 3*k - 24 = 0. What is d(m)?
9
Let b = 800 + -798. Let s(g) = -5*g - 139*g**2 + 45*g**b + g**3 - 7*g + 49*g**2 + 55*g**2. Calculate s(-11).
11
Let n(f) = -f**2 + 6*f + 5. Let k(i) = -4*i - 2. Let a be k(-2). Let b be n(a). Suppose 25 = -b*v - 5*h, h = -v + 3*v + 7. Let p(g) = -2*g. Give p(v).
8
Let h = -72 + 119. Let y be ((-140)/(-8) - -3)*(7 + -5). Let g = h - y. Let w(b) = b**3 - 6*b**2 + b - 4. Determine w(g).
2
Let y(d) = 4*d - 4*d**3 - 2*d - 7*d**2 + 9 + 5*d + d**3 + 4*d**3. What is y(5)?
-6
Suppose -448 - 278 = -121*n. Let k(j) = 4*j**2 - 26*j + 20. Calculate k(n).
8
Suppose q + 42 - 127 = -4*a, -a + 37 = -5*q. Suppose 0 = -17*i + a*i + 25. Let c(y) = -y**2 - y + 19. Determine c(i).
-1
Let k(p) = -490 - p**3 - 10*p**2 + 1008 - 533. Give k(-10).
-15
Let s(o) = 3 + 2*o + 2*o - 2*o**3 + 0*o**3. Suppose 0 = -l + 6*r - 9*r - 13, 4*l = -3*r - 34. Let q be -2*(-9)/(-2) - l. What is s(q)?
11
Let h(g) = -2*g**3 + 39*g**2 + 21*g - 17. Let t be h(20). Suppose 4*b = 12, -14*o - 1 = -9*o + t*b. Let n(c) = 0*c - 3*c - 1 - 1. What is n(o)?
4
Let r = 22130 + -22129. Let q(a) = a - 1. Let v(j) = 4*j**2 + 6*j - 5. Let y(f) = 4*q(f) - v(f). Give y(r).
-5
Suppose k = 4*v + 9, k - 5*v - 21 = -7. Let z(m) = 3*m + 11. Let c(g) = -16*g - 57. Let t(o) = k*z(o) - 2*c(o). Determine t(6).
-13
Let v(x) = x**2 + 6*x - 18. Let m be (-6 + 5)*-3 + 13/(-1). Determine v(m).
22
Let c(z) = z - 5. Let r(f) = -1. Suppose 95 + 15 = -22*i. Let u(d) = i*r(d) + c(d). Determine u(11).
11
Let r = 4376 - 4390. Let p(o) = -2*o**3 - 27*o**2 + 13*o + 18. What is p(r)?
32
Let v be 1/(-9) + 1953/81. Suppose 23*k = v*k. Let z(w) = w + 18. Calculate z(k).
18
Let c(s) = -s**2 + 5*s + 28. Let d(p) = -p**2 + 7*p + 26. Let x(m) = -3*c(m) + 2*d(m). What is x(5)?
-12
Let i(m) be the second derivative of -m**5/20 + 7*m**4/12 + m**3/6 + 27*m**2 - 222*m. Let p be i(8). Let a(w) = 2 - w + 3*w + 4*w**2 + 2*w. Give a(p).
10
Let i(g) = -g**2 - 14*g - 18. Let x = 28751 + -28763. Give i(x).
6
Let j(r) be the second derivative of r**5/20 + r**4/6 + 25*r**2/2 + 12*r - 26. What is j(0)?
25
Let g(m) = 13*m - 7. Let i(k) = -3*k + 2. Let t(z) = 2*g(z) + 9*i(z). Suppose 9*y + 158 = 95. What is t(y)?
11
Let u(f) be the first derivative of -f**3/3 + 8*f**2 - 71*f - 44. Let h be u(8). Let k(t) = -2*t - 12. What is k(h)?
2
Suppose 0 = 4*i - 2*x - 441 + 477, 3*i + 28 = x. Let g(c) =